*c + 22 - 37 - c. Calculate y(-7).
-8
Let n(r) = 2*r**2 - 5*r + 3. Let l be 2 + -5 + 2 + 12. Let d = l - 7. Suppose 0*k + d*k - 12 = 0. Calculate n(k).
6
Let w = 6 - 10. Let b = 8 + w. Suppose b*q = 2*r + r - 2, 5*r + 5*q - 15 = 0. Let m(c) = -2*c**3 + 2*c**2 + 2. Give m(r).
-6
Let q = 48 + -49. Let u(s) = 7*s**3 - s. What is u(q)?
-6
Let g(w) be the third derivative of w**6/120 + w**5/20 + w**4/12 - 24*w**2. Give g(-2).
0
Suppose 7*s = 9*s + 2. Let f(x) = 0*x - 1 - 5*x + 0*x. What is f(s)?
4
Let m(a) = -5*a - 3. Suppose t = -1 - 2. Let o be (2/(-5))/(t/(-15)). What is m(o)?
7
Let u(c) = -c**2 - 5*c - 9. Suppose -24 = 6*r + 12. Give u(r).
-15
Let o = 5 + -1. Suppose 9*b = o*b - 10. Let w(f) = -f - 2. Calculate w(b).
0
Let m(u) = u. Let x be m(5). Let p(f) = -11*f**2 + 10*f**2 + 3*f + 1 + 6. Calculate p(x).
-3
Let p(t) = t**3 + 5*t**2 - 2*t - 6. Suppose 4*l = 5*m + l - 1, 5*l + 6 = 4*m. Suppose 2*h - w = -h - 3, w = h - 1. Let k be h*(m - (-21)/6). Calculate p(k).
4
Suppose -25 = 4*g - 2*g + 3*l, 50 = -5*g + 5*l. Let d(o) = o - 9. Let h(n) = 3*n - 28. Let y(p) = g*d(p) + 4*h(p). What is y(6)?
-7
Let f(r) = -3*r**2 + r + 6. Let k(u) = -2*u**2 + 5. Let p(l) = -3*f(l) + 4*k(l). Let h be (1 - 3 - -2)/2. Suppose 4*i + h - 8 = 0. What is p(i)?
0
Let a = 4 - 2. Let y(j) = j**2 - j + a - 3 - 5*j + j. Give y(6).
5
Let z(q) = q**3 + 4*q**2 - 4. Let g be z(-4). Let y(m) be the second derivative of m**4/12 + m**3/2 - 3*m**2/2 + 8*m. What is y(g)?
1
Let f(c) = -3*c - 4. Let p = -4 - 0. Let s be (6/p)/((-6)/20). Suppose 7 = -4*o - 0*o + s*v, 3*v = 3*o + 6. Give f(o).
5
Let z = -8 - -5. Let b(i) = -i**2 + i - 1. Let v(q) be the first derivative of -q**3/3 + 2*q**2 - 5*q + 4. Let t(d) = -2*b(d) + v(d). Determine t(z).
0
Let n(r) be the second derivative of r**6/120 - r**5/12 + r**4/24 - 2*r**3/3 + r**2/2 - r. Let u(y) be the first derivative of n(y). What is u(5)?
1
Let p be -1 + (-1 - -4) + -7. Let q(d) be the third derivative of 0*d - 1/2*d**3 - 1/120*d**6 - 1/12*d**5 + 0 + 0*d**4 + d**2. Determine q(p).
-3
Let s(a) = -a**3 - 3*a**2 + 3*a + 5. Suppose -y = -5*y + 4. Let j(l) = -3*l**3 - l. Let z be j(y). What is s(z)?
9
Let u = -5 - -2. Let z(w) = w - 1. Let a(d) = 10*d - 3. Let k(i) = a(i) - 6*z(i). What is k(u)?
-9
Let h(f) = 15 - 37 + 20 + f. Determine h(-6).
-8
Suppose -2*p - p = j + 14, 2*j = -5*p - 23. Let q(d) = -d + 4 - 1 + 0 - 2. Determine q(j).
0
Suppose 4*z - 2*c + c + 15 = 0, 0 = 3*z - 5*c + 24. Let a be (-1)/z + (-10)/(-6). Let s(t) = -56 - 4*t + 2*t**2 + 57 + t. Give s(a).
3
Let r be 7 + (-12)/3 + 3. Let m(q) be the third derivative of q**6/120 - q**5/10 - q**4/24 + q**3/2 + 2*q**2. Determine m(r).
-3
Let j = 1 + -1. Suppose 8 = -4*g - 4*d, d + j*d = -2*g - 1. Let u(p) be the third derivative of p**6/120 - p**4/24 + p**2. What is u(g)?
0
Let c = -122 - -115. Let j(h) = -h**2 - 6*h + 7. Give j(c).
0
Let v(k) be the second derivative of -k**5/60 + k**4/24 + k**3/6 + 2*k**2 + k. Let i(b) be the first derivative of v(b). Calculate i(-2).
-5
Suppose -2*q - b = -5*b - 6, 5*b = q. Let p(i) = -4*i**2 + i**3 - 6*i - 2 + 4 + 3. Determine p(q).
0
Let t(n) = 4*n**2 - 8*n + 8. Let x be t(1). Let d(h) = h**3 - 5*h**2 + 5*h + 3. Let u(q) = -q + 1. Let g(s) = -d(s) - u(s). Determine g(x).
-4
Let l be (-28)/(-6) + (-11)/(-33). Let b(c) = -c. Let g(s) = 4*s. Let u(x) = 2*b(x) + g(x). Determine u(l).
10
Suppose 5*h + 4*g = 0, 2*h + 2*g = -3*g - 17. Let n(t) be the second derivative of t**5/20 - t**4/6 - 5*t**3/6 + t**2/2 + 38*t. What is n(h)?
13
Let s(y) = y**3 - 6*y**2 - 2*y + 6. Let b = 34 - 28. Determine s(b).
-6
Let b(v) be the first derivative of -v**3/3 - 3*v**2/2 + 2*v + 28. Calculate b(-3).
2
Let v(b) = b**3 - 4*b**2 + b - 4. Let y = -5 + -19. Let s = -20 - y. What is v(s)?
0
Let r(t) be the first derivative of t**3/3 + t**2/2 - 3*t + 56. Suppose -u + 3*a - 2 = 2*a, 2*a = -u + 4. Give r(u).
-3
Let y(u) = 6*u**2 + 2*u - 2. Let f(v) = 6*v**2 + 2*v - 2. Let a(x) = 5*f(x) - 6*y(x). What is a(2)?
-26
Let i(t) be the second derivative of -t**5/20 + t**3/3 - t**2 + 7*t. Calculate i(2).
-6
Let j(o) be the second derivative of -o**3/6 + 6*o**2 + 4*o. What is j(7)?
5
Let g(x) = 3*x**3 - 2*x + 1. Let l be g(1). Let d = l - 3. Let i(c) = 6*c + 1. Give i(d).
-5
Let m(u) be the first derivative of -u**3/3 + 3*u**2/2 - 2*u + 14. Calculate m(4).
-6
Let k(i) = -i. Let f(a) = -a + 2. Let z be f(1). Let n(m) = -z + 0*m - 5*m - m. Let b(s) = -5*k(s) + n(s). Calculate b(5).
-6
Let m(i) = 3 + 3*i**2 + 7*i**2 - 2*i**2 - 4*i - 7*i**2. What is m(2)?
-1
Let n(l) = -3*l + 12 - 5 + 2*l. Let p be n(8). Let t(y) = -2*y**2 - y**2 + 7*y**2. Give t(p).
4
Let o be (-14)/(-6) + (-3)/9. Suppose 0 = -o*p - 0*q - 3*q - 4, -2*q = 0. Let b = p - -2. Let s(u) = -u**2 - 7. Give s(b).
-7
Suppose -2*l - 3*f = 24, -45 - 15 = 5*l + 4*f. Let y = l + 22. Let p = y + -9. Let h(d) = -2*d - 1. Determine h(p).
-3
Let y(x) = -6*x + 4. Let u(w) = 13*w - 7. Let o(q) = -3*u(q) - 5*y(q). Let z = 20 - 19. Calculate o(z).
-8
Let m be (-1)/5 - (-1)/5. Let k(z) = 7*z**2 + 6*z - 5. Let p be 2/(-11) + 320/(-55). Let u(o) = -o**2 - o + 1. Let t(h) = p*u(h) - k(h). What is t(m)?
-1
Let x(a) = -4 - 13*a**3 + 10*a**3 + 3 + 12*a**3. Let w = -1 - 0. What is x(w)?
-10
Let j(g) be the second derivative of -g**5/20 - 7*g**4/12 - g**3 + g**2 - 14*g. Calculate j(-5).
-18
Let d(g) be the second derivative of -g**4/12 + 7*g**3/6 + 4*g**2 - 2*g. Determine d(6).
14
Let z(v) = -4*v - 3. Let w be z(-2). Let k(t) = -10 + w*t**2 - 3*t**2 - 2*t**2 + t**3 - t**2. Calculate k(0).
-10
Let u(h) = -4*h - 12. Let o(b) = 2*b + 6. Let w(x) = -5*o(x) - 2*u(x). Give w(-6).
6
Let z be 10/(-25) + (-12)/(-5). Let r be 3 - (3 - (z + 1)). Let a(x) be the third derivative of x**5/60 + x**3/6 - x**2. Determine a(r).
10
Let x = -13 - -10. Let h(t) be the second derivative of t**3/6 + 5*t**2/2 + 3*t. Let q(p) = p + 4. Let d(s) = 4*h(s) - 5*q(s). Give d(x).
3
Let d(v) be the first derivative of 9*v**4/2 - v**2/2 + v + 18. Calculate d(1).
18
Suppose 3*f + 8 + 7 = 0. Let k = -7 - -14. Let n(t) = 13*t + 7. Let v(b) = -6*b - 4. Let i(m) = k*v(m) + 3*n(m). What is i(f)?
8
Let o(g) = -g - 4. Let u be ((-1)/3)/(7/21). Let m = 6 + u. Calculate o(m).
-9
Let z(m) = -2*m - m**3 - 2 - m + 5*m + 2*m**2. Let q be (-4)/4 - 9/(-3). Suppose -q*s + 7 = 1. What is z(s)?
-5
Let r be (-9)/(-2)*(-36)/(-27). Let n(t) = -4*t + 2 - 3*t + r*t - 4. Determine n(-1).
-1
Let q(l) = -566*l + 1 - 556*l + 1121*l. Give q(6).
-5
Let t(x) = -14*x**2 - 11*x + 3. Let y(v) = -5*v**2 - 4*v + 1. Let o(f) = 4*t(f) - 11*y(f). Determine o(-1).
0
Let p(r) be the third derivative of r**5/60 - r**4/6 - r**3/6 + r**2. Suppose -14 = -3*v - 2*a, 5*v + 3*a + 0 - 23 = 0. Determine p(v).
-1
Let c(k) = 1 + 3*k**2 - 4*k**2 + 0 + 4*k. Give c(6).
-11
Let j = 0 + -5. Let k = 16 - 9. Let t(v) = -8*v + k + 3*v + 6*v. Give t(j).
2
Let z be (-155)/(-40) + -5 - 2/(-16). Let d(y) = 9*y**2 - 1. Determine d(z).
8
Let s = 8 - 7. Let q = s + 5. Let b(k) = -k**2 + k + 5*k - 7 + 1. Determine b(q).
-6
Suppose 0 = 5*w - 10, 0 = -3*l - w - 3 + 2. Let u(i) = 7*i + 1. What is u(l)?
-6
Let b(v) = -2*v**2 - 3*v - 2. Let j(c) = 6*c + 1. Let n be j(-2). Let u = n + 15. Suppose -2*g - u = -0*g. Calculate b(g).
-4
Let f(z) = -2*z**2 - 2*z - 2. Let u(o) = -o**2 + o + 1. Let l(s) = -f(s) - 3*u(s). Determine l(2).
17
Let l be 1*1*(-1 - -2). Suppose -l - 5 = -3*z. Let g = 1 + z. Let d(w) = w - 5. Determine d(g).
-2
Let z(h) = 3*h + 1. Let a be z(2). Let x = -2 + a. Let s(n) = 0 + 4 + 4*n**2 + 4*n - x*n**2. Calculate s(4).
4
Let z(m) = 475 - m - 2*m**2 + 5*m - 477. Give z(2).
-2
Let w(t) be the first derivative of -t**4/4 + 8*t**3/3 - 3*t**2 - 26. Give w(7).
7
Let b(k) = -k**3 + k**2 + k. Let w(d) = 5*d**3 - 11*d**2 - 3*d - 8. Let q(a) = -4*b(a) - w(a). Let g be q(7). Let p(y) = -2*y + 4 - 4. Calculate p(g).
-2
Let t(i) = i**2 + 6*i + 6. Let h be t(-4). Let u(m) be the first derivative of m**4/4 + 2*m**3/3 - m**2 - 2*m - 2. Give u(h).
2
Let g(a) be the second derivative of 0*a**3 - 1/15*a**5 + 0*a**2 + 1/360*a**6 - a + 0 + 1/3*a**4. Let t(h) be the third derivative of g(h). Determine t(6).
4
Let c(b) = 10*b**3 + 25*b**2 + 16*b + 1. Let i(l) = 2*l**3 + 5*l**2 + 3*l. Let u(d) = 2*c(d) - 11*i(d). Calculate u(-3).
14
Let o(j) = -7*j**2 + 2